lse
Does 50 divide 1959550?
True
Is 589 a factor of 163742?
True
Does 192 divide 214590?
False
Is 6 a factor of 81180?
True
Does 438 divide 988612?
False
Does 107 divide 3182462?
False
Does 4 divide 15009?
False
Is 201153 a multiple of 30?
False
Is 104832 a multiple of 14?
True
Is 2609412 a multiple of 26?
True
Is 161 a factor of 22042288?
False
Is 1650240 a multiple of 54?
True
Is 19 a factor of 108006?
False
Is 686315 a multiple of 35?
True
Is 62 a factor of 438884?
False
Is 171 a factor of 1062936?
True
Does 366 divide 19502741?
False
Is 124 a factor of 697138?
False
Is 3071759 a multiple of 818?
False
Is 121656 a multiple of 111?
True
Does 105 divide 15134417?
False
Is 290 a factor of 4616323?
False
Is 10726 a multiple of 173?
True
Is 2469 a factor of 6540573?
False
Does 99 divide 1729530?
True
Does 19 divide 826484?
False
Does 94 divide 14146?
False
Is 456760 a multiple of 152?
True
Is 184433 a multiple of 17?
True
Is 62 a factor of 1214554?
False
Does 336 divide 483708?
False
Does 19 divide 23103656?
False
Is 1076976 a multiple of 116?
False
Is 55 a factor of 3741021?
False
Does 36 divide 339120?
True
Is 5 a factor of 32940?
True
Is 20 a factor of 4340?
True
Is 8 a factor of 2269876?
False
Is 12066495 a multiple of 7?
True
Does 7 divide 13881?
True
Does 44 divide 252956?
True
Is 1161850 a multiple of 475?
True
Does 50 divide 1691050?
True
Is 5976 a multiple of 4?
True
Is 2976307 a multiple of 41?
False
Is 3370176 a multiple of 453?
False
Is 9 a factor of 54217?
False
Is 730037 a multiple of 6?
False
Is 4693049 a multiple of 215?
False
Is 688860 a multiple of 30?
True
Does 11 divide 3173843?
False
Is 15 a factor of 30064087?
False
Does 228 divide 700214?
False
Is 48 a factor of 20640?
True
Is 8 a factor of 1704951?
False
Does 82 divide 439458?
False
Does 43 divide 26230?
True
Does 2 divide 570806?
True
Does 21 divide 13965?
True
Does 2389 divide 2571912?
False
Is 11403748 a multiple of 206?
True
Is 25 a factor of 895825?
True
Is 215152 a multiple of 119?
True
Is 4376772 a multiple of 9?
True
Is 16 a factor of 1592592?
True
Is 12972216 a multiple of 95?
False
Is 55276 a multiple of 52?
True
Is 373604 a multiple of 7?
True
Is 66 a factor of 3011052?
True
Does 9 divide 171108?
True
Is 5628205 a multiple of 31?
True
Is 159625 a multiple of 25?
True
Is 899472 a multiple of 24?
True
Is 15352623 a multiple of 711?
True
Is 54160 a multiple of 40?
True
Is 403770 a multiple of 313?
True
Is 231456 a multiple of 52?
False
Is 188 a factor of 160160?
False
Is 65960 a multiple of 17?
True
Is 112322 a multiple of 226?
True
Does 304 divide 7232808?
False
Is 8 a factor of 261950?
False
Is 23176 a multiple of 33?
False
Is 11947963 a multiple of 13?
False
Is 2760612 a multiple of 8?
False
Does 120 divide 769920?
True
Is 169 a factor of 745094?
False
Is 21 a factor of 545979?
True
Is 43 a factor of 114931?
False
Is 1521998 a multiple of 193?
True
Is 40 a factor of 3451242?
False
Does 11 divide 443538?
False
Is 8 a factor of 1453240?
True
Does 37 divide 162469?
False
Is 257 a factor of 3068323?
True
Is 171 a factor of 6061626?
False
Is 56 a factor of 498779?
False
Is 746334 a multiple of 102?
True
Is 668 a factor of 1360614?
False
Does 47 divide 33567?
False
Is 39640 a multiple of 8?
True
Is 35 a factor of 125059?
False
Is 14 a factor of 14532?
True
Is 6 a factor of 984553?
False
Is 20824589 a multiple of 27?
False
Is 753 a factor of 174213?
False
Is 1394777 a multiple of 357?
False
Is 9 a factor of 232506?
True
Is 555170 a multiple of 154?
True
Is 12040 a multiple of 237?
False
Does 3 divide 10404?
True
Is 17 a factor of 609467?
True
Is 17640 a multiple of 168?
True
Is 28 a factor of 78288?
True
Is 490 a factor of 248315?
False
Is 1260 a factor of 1214915?
False
Is 23261 a multiple of 7?
True
Is 78 a factor of 2405364?
True
Is 31 a factor of 9705573?
True
Is 75 a factor of 130015?
False
Is 441102 a multiple of 613?
False
Does 2 divide 295454?
True
Is 4209456 a multiple of 16?
True
Does 139 divide 757550?
True
Does 10 divide 2436260?
True
Is 539443 a multiple of 173?
False
Is 9 a factor of 835360?
False
Does 164 divide 328328?
True
Does 57 divide 590387?
False
Is 5407650 a multiple of 183?
True
Does 67 divide 3658937?
True
Is 9358628 a multiple of 7?
False
Is 2756253 a multiple of 345?
False
Is 80685 a multiple of 55?
True
Is 41768 a multiple of 33?
False
Is 202407 a multiple of 57?
True
Does 20 divide 259200?
True
Is 23 a factor of 217971?
True
Is 8746574 a multiple of 58?
True
Is 2661092 a multiple of 12?
False
Does 42 divide 185892?
True
Is 1593 a factor of 11283844?
False
Is 84 a factor of 207927?
False
Is 7 a factor of 11403?
True
Is 2335098 a multiple of 46?
True
Is 76542 a multiple of 426?
False
Is 93627 a multiple of 101?
True
Is 5836124 a multiple of 5?
False
Is 929323 a multiple of 197?
False
Is 1914948 a multiple of 108?
True
Is 69 a factor of 41587?
False
Is 99 a factor of 113115?
False
Does 1265 divide 5161200?
True
Does 234 divide 2270211?
False
Is 4972984 a multiple of 38?
True
Is 7 a factor of 63224?
True
Does 23 divide 51641?
False
Is 2654 a factor of 24124860?
True
Is 86 a factor of 129479?
False
Does 183 divide 248625?
False
Is 2338031 a multiple of 249?
False
Is 2067120 a multiple of 144?
True
Is 403372 a multiple of 31?
True
Is 266 a factor of 170240?
True
Does 1020 divide 2716295?
False
Does 36 divide 92174?
False
Is 41 a factor of 296998?
False
Does 8 divide 101024?
True
Is 2 a factor of 172336?
True
Is 38 a factor of 16226?
True
Is 28 a factor of 764600?
False
Does 194 divide 523024?
True
Does 33 divide 519936?
False
Does 8 divide 99210?
False
Is 36 a factor of 3086441?
False
Is 542 a factor of 725196?
True
Does 13 divide 2171572?
True
Is 9 a factor of 270915?
False
Is 2496057 even?
False
Is 20 a factor of 563720?
True
Is 38 a factor of 2685992?
True
Is 178026 a multiple of 51?
False
Is 13 a factor of 133419?
True
Is 880734 a multiple of 687?
True
Does 30 divide 739260?
True
Is 297 a factor of 46130?
False
Does 10 divide 30797?
False
Is 33 a factor of 353436?
False
Is 11948722 a multiple of 457?
True
Is 922998 a multiple of 3?
True
Is 559171 a multiple of 46?
False
Is 15 a factor of 108240?
True
Is 390748 a multiple of 531?
False
Is 30 a factor of 402247?
False
Is 12 a factor of 634605?
False
Does 52 divide 180388?
True
Does 161 divide 11209254?
False
Is 888100 a multiple of 166?
True
Is 52 a factor of 842559?
False
Does 1051 divide 1386269?
True
Is 10682 a multiple of 5?
False
Is 1165960 a multiple of 1030?
True
Is 34720 a multiple of 19?
False
Does 52 divide 191508?
False
Is 73 a factor of 56141?
False
Does 720 divide 2390686?
False
Does 34 divide 36142?
True
Does 298 divide 108174?
True
Is 494 a factor of 990368?
False
Is 36 a factor of 3046469?
False
Is 44 a factor of 234608?
True
Is 3 a factor of 81488?
False
Is 22 a factor of 1489620?
True
Is 9691249 a multiple of 29?
True
Does 49 divide 42336?
True
Does 34 divide 73168?
True
Is 17169 a multiple of 4?
False
Does 51 divide 364441?
False
Does 128 divide 794774?
False
Does 2 divide 75573?
False
Does 404 divide 327416?
False
Is 111 a factor of 2054721?
True
Is 1913976 a multiple of 36?
True
Is 16 a factor of 7673?
False
Is 25506793 a multiple of 518?
False
Is 2768040 a multiple of 165?
True
Is 1238284 a multiple of 233?
False
Is 15863839 a multiple of 17?
True
Is 19118320 a multiple of 10?
True
Is 618 a factor of 3177756?
True
Does 77 divide 1757321?
False
Is 239 a factor of 262871?
False
Is 12 a factor of 263124?
True
Is 243390 a multiple of 72?
False
Is 14 a factor of 166311?
False
Is 619191 a multiple of 27?
True
Is 1428 a factor of 13653108?
True
Is 6 a factor of 164987?
False
Is 1172720 a multiple of 535?
True
Is 294 a factor of 469174?
False
Is 13 a factor of 258310?
True
Is 866057 a multiple of 19?
False
Is 693846 a multiple of 81?
True
Is 9 a factor of 7882?
False
Does 611 divide 2039766?
False
Is 51 a factor of 287997?
True
Is 3579475 a multiple of 44?
False
Is 774335 a multiple of 108?
False
Is 113813 a multiple of 5?
False
Is 1568 a multiple of 196?
True
Is 370458 even?
True
Is 643 a factor of 17708863?
True
Does 18 divide 554886?
True
Is 447 a factor of 4348924?
False
Does 71 divide 2954003?
False
Does 64 divide 2385024?
True
Is 20 a factor of 2683420?
True
Does 8 div